0*s**2 - 1/24*s**4 + 12*s + 0 - 1/120*s**5. Let x(b) be the second derivative of l(b). What is x(3)?
-4
Let x(s) = -s**3 + 9. Let n be x(0). Let i(w) be the second derivative of w**5/20 - 3*w**4/4 - w**3/6 + 5*w**2/2 - 7*w - 9. What is i(n)?
-4
Let l(h) = 50*h - 146*h + 58*h + 54*h + 24 + 15. Give l(-3).
-9
Let d(n) = -21*n - 42. Let v be d(-2). Suppose -5*c + 4*q = -2*c - 32, 4*c - 2*q - 26 = v. Let p(h) = -h**2 + 5*h + 2. Determine p(c).
6
Let b(s) = -5*s - 166. Let m be b(-36). Let h(j) = -j**3 + 12*j**2 + 30*j. Calculate h(m).
28
Suppose -900*d = -885*d - 15. Let f be 1/5 + 1227/15. Let u(i) = -44*i + d - 4 + f*i - 47*i. What is u(-3)?
24
Let s = -3355 + 3343. Let v(h) = -h**2 - 7*h + 28. Give v(s).
-32
Suppose -657*r = -624*r + 528. Let m(p) = p**2 + 16*p + 38. What is m(r)?
38
Suppose o - 2 = 3*w + 1, -5*o - 7 = -4*w. Suppose 0 = -10*s + 14*s - 12. Let m(f) = 4*f**3 - 5*f**3 + 4 + 0*f - 5 + 3*f**2 + 2*f + 2*f**s. Determine m(w).
-1
Let s(a) = -a**2 + 9*a - 9. Let g(c) = -c. Let f(d) = 2*g(d) + s(d). Suppose -42*j + 310 - 32 = 26. What is f(j)?
-3
Let j(c) be the third derivative of 5*c**4/24 + c**3/2 + 2*c**2 + 6. Let k(y) = 5*y + 3. Let b(d) = -2*j(d) + 3*k(d). What is b(6)?
33
Let r(g) = 51 + 691*g + g**2 - 2*g**2 + 686*g - 1393*g. Determine r(-18).
15
Suppose -m - 12 = 5*u + 2, -4*u - 15 = -3*m. Let q(v) = v**2 + 11*v - 8*v + m + 2*v - 3. Determine q(-5).
-2
Let r(p) = -5*p + 741 - 163 - 189 - 176 - 175. Determine r(7).
3
Let l be (-1*(-1)/(-1))/((-9)/1701). Suppose 0 = 3*u + 153 + l. Let i = u + 108. Let y(n) = n**2 + 7*n - 2. Calculate y(i).
-8
Let k be ((-47)/47)/(2/10) - 5. Let y(f) = -2*f - 5. Determine y(k).
15
Suppose 0 = -4*j + 5*o - 111, 4*o - 83 = j - 36. Let y(q) = 62*q + 1177. Determine y(j).
-1
Let y(f) = -f**2 + 14*f - 28. Let m(n) = n**2 + 34*n - 100. Let z be m(3). What is y(z)?
5
Let w(h) be the third derivative of -37*h**4/24 + 71*h**3/3 - 6168*h**2. Calculate w(4).
-6
Let i(f) = -f**2 + 7*f + 5. Let n = 1682 - 1678. What is i(n)?
17
Suppose 14 = -2*c - 3*d, 7*d + 4 = c + 3*d. Let q(m) = 29*m + 8. Give q(c).
-108
Let t be (2 - (16 + -16))/1. Let x(c) = -7*c**2 + 6*c - 1. Let r(a) = -6*a**2 + 6*a - 2. Let h(z) = -6*r(z) + 5*x(z). What is h(t)?
-1
Let m(g) be the first derivative of 3/2*g**2 + 10*g + 3. Let k = 1301 - 1308. Calculate m(k).
-11
Let a(o) = -o**2 - 11*o + 41. Let r(k) = 13*k - 36. Let x(m) = 3*a(m) + 4*r(m). Determine x(5).
-1
Let c be (14 - 0)/(3 + -2). Let x = c - 8. Let k(u) = 2809*u - 38. Let q(p) = 351*p - 4. Let i(d) = -k(d) + 8*q(d). What is i(x)?
0
Suppose -37 = -6*z + 29. Let r(s) = -3*s**2 - 12 + 4 + 0*s**2 + 3*s**2 + 12*s - s**2. What is r(z)?
3
Let n(z) = -z**2 + 5*z. Suppose 0 = 2*b - 2*f - 46, 2*f - 71 = -4*b + 27. Let p be ((-9)/b)/(22/(-352)). What is n(p)?
-6
Let k = -4466 + 4464. Let v(s) = -2*s**2 - 4*s + 2. Let m(f) = 1. Let d(x) = 6*m(x) - v(x). Give d(k).
4
Let q(w) = 171*w + 365. Let i be q(5). Let j(r) = -r + i - 612 - 611. What is j(-5)?
2
Let u(w) = 5*w**2 - 99*w + 477. Let f be u(12). Let q(m) = 3*m**2 - 18*m - 3. Give q(f).
78
Let s be 2/11 + (-1620)/(-165). Let m(x) be the third derivative of x**4/8 - 11*x**3/6 + 998*x**2. What is m(s)?
19
Let n be -19 + 22 - (-12)/(-2) - -8. Let b(p) = -p**2 + 9*p - 3. Determine b(n).
17
Let y be (-33)/(-4) + (-2)/8. Let a(r) = -17*r**2 - 130*r + 70. Let s(m) = 89*m**2 + 680*m - 366. Let o(d) = 157*a(d) + 30*s(d). Determine o(y).
-6
Let c = -1 - -6. Let h(b) = 2*b**2 - 3*b**2 - b**2 - 7 + 7 + b - c*b**3. Determine h(1).
-6
Let y be (-21)/(-12)*440/385. Let n(k) = 4*k**3 + 5*k - 8. What is n(y)?
34
Let x(u) = -2*u + 14. Let q be x(-8). Suppose 2*z = 5*h + 28, 4*h + 4*z + 58 = q. Let c(f) = f + 8. What is c(h)?
2
Let u(l) = -l**2 - 5. Suppose 0 = -21*j - 33*j. What is u(j)?
-5
Let u(y) = 2*y - 1. Let h(a) = 4*a - 12. Let j be h(3). Suppose -3*n + 0 + 6 = j. Suppose -3*x - n*i + 11 = 37, 0 = -x - 5*i - 26. Calculate u(x).
-13
Let a(t) be the third derivative of 0 + 1/6*t**4 + 64*t**2 + 0*t - 1/2*t**3. Determine a(4).
13
Let k(o) = -7*o**2 - 7*o + 10. Let n(t) = -4*t**2 - 4*t + 5. Let l(f) = 3*k(f) - 5*n(f). Suppose -10*b = 12*b - 66. Give l(b).
-7
Let a = 3952 + -3961. Let z(b) = b**3 + 9*b**2 - 11. Determine z(a).
-11
Let j = 6 + -4. Let n(r) = 4*r**3 - r**2 - 8*r + 8. Let h be n(1). Let m(g) = g - 3*g**3 + 2*g**h - 13*g**3 + 2*g**j. Determine m(-1).
15
Let j(s) = s**2 + 4*s - 1. Let k(q) = -10*q + 70. Let p(i) = -69*i + 486. Let z(v) = -27*k(v) + 4*p(v). Let r be z(10). Calculate j(r).
11
Let v(m) = -5*m + 1. Let s(a) = -a**2 + 5*a - 9. Suppose -14 = -i - 12. Let o be s(i). Calculate v(o).
16
Let i(t) be the first derivative of -7*t**2/2 + 18*t - 25. Let g(d) = 14*d - 32. Let c(l) = -4*g(l) - 7*i(l). Give c(3).
-19
Let g(c) be the first derivative of -c**4/4 + 8*c**3/3 - 3*c**2/2 - 6*c - 9. Let u be g(8). Let t = u + 25. Let q(s) = -s**2 - 5*s - 6. Calculate q(t).
-6
Let n(b) = 5*b**3 - b**2. Let y(l) = 77*l + 8 - 25*l - 33*l + l**2. Let q be y(-19). Suppose 9*z - q*z = -1. Give n(z).
-6
Let b(g) = 11*g**2 - 2 + g**3 - 4*g**2 - g + 1. Let x(v) = -v**3 - 32*v**2 - 92*v - 152. Let t be x(-29). Determine b(t).
6
Suppose -13 - 65 = 5*a - 4*i, -3*a + 3*i - 48 = 0. Let z(x) = 194*x**3 + 197*x**3 - 14*x**2 - 382*x**3 - 10*x**3 + 29 + x - 9. Determine z(a).
6
Let c(g) = -g**3 - 15*g**2 - 25*g + 11. Let h be c(-13). Let w(u) = -u**2 - u + 5. Calculate w(h).
3
Let r be (1 + -7)*(3 + (-44)/12). Suppose -10*b = -r*b + 156. Let d = 31 + b. Let y(i) = i**2 - 3*i - 6. Calculate y(d).
4
Let x(j) = -j**2 + j + 14. Let s(m) = 6. Let p(v) = s(v) - x(v). Suppose -4*r - 4 = 2*n, r + 3*r = 4*n - 16. Suppose -n*l = -l. Give p(l).
-8
Let y be 6/(1/2 + -2). Let d = y + 0. Let k(n) = 25*n**2 - 5*n + 7. Let i(z) = 7*z**2 - 2*z + 2. Let p(x) = -7*i(x) + 2*k(x). Determine p(d).
0
Let q(g) = g**2 - 4*g + 2. Suppose 2*t = -o + 116, -3*o = 2*t - 4*o - 120. Let k = 77 - t. Suppose 0 = 2*x + 10 - k. What is q(x)?
2
Let p(m) = 6*m**2 + 0*m**3 - 81*m - m**3 - 81*m - 13 + 12 + 159*m. Determine p(5).
9
Let l = -39 - -33. Let m be (l + -6)*8/(-6). Suppose m*v - 19*v = -18. Let w(s) = -s**3 + 5*s**2 + 5*s + 7. Determine w(v).
1
Let q(v) = -v**3 + 3*v**2 + 3*v - 4. Let s be (-40)/19 - 214/(-2033) - 1. Calculate q(s).
41
Let u be (1 + (-2)/(-10))/((-29)/(-145)). Suppose -u*f - 5*f = -66. Let w(j) = j**2 - 3*j - 4. Determine w(f).
14
Let b(t) = -t**3 + 80*t**2 + 82*t - 84. Let w be b(81). Let g(d) be the first derivative of -d**3/3 + 3*d**2/2 + 1. Calculate g(w).
-18
Let w(q) be the third derivative of q**4/6 - 10*q**3/3 + 2850*q**2. Determine w(-3).
-32
Let s(o) be the third derivative of -o**6/60 + o**5/60 + o**4/8 - o**3/6 + 99*o**2. Let k be 8/(-6)*(-6)/4. Calculate s(k).
-7
Let r(l) = 9*l + 16. Let o(b) = b**3 + 4*b**2 - 18*b - 37. Let t be o(-6). Determine r(t).
7
Let d(p) = 14 - 142*p + 0*p**2 + 286*p - p**2 - 124*p. What is d(20)?
14
Let p(f) be the third derivative of f**6/120 + 19*f**5/60 - 19*f**4/24 + 11*f**3/6 - 8*f**2 - 3*f. Let z be p(-20). Let u(d) = d**3 + 9*d**2 - d + 6. Give u(z).
15
Suppose a = -4*y + 15, a + 3 + 2 = y. Let c(h) = -5368*h**2 + 2683*h**2 + 2679*h**2 - h. What is c(a)?
-5
Let v(u) = -u**2 + 6*u + 6. Let m be (-481)/(-259) - (1/(-1))/7. Suppose 5*i + 15 = -0*i + 5*n, -2*i - m*n - 14 = 0. Determine v(i).
-49
Let q(z) = -3*z**2 - z - 1. Suppose 485*u - 491*u = 12. Let t be (u/3)/(78/117). What is q(t)?
-3
Let r(x) = 2222*x**2 + 2207*x**2 - 4430*x**2 - 20*x**3. Determine r(-1).
19
Let v = -41 + 40. Let z(a) = a + 1. Let f(k) = -4*k - 16. Let b(m) = v*f(m) - 3*z(m). What is b(-7)?
6
Let d(h) = -h**3 + 5*h**2 + 7*h - 1. Suppose y = -6*y + 168. Suppose -11*i + y = -3*i. Let m be i + 30/9 + 1/(-3). Give d(m).
5
Let i(f) = -11*f + 19. Let q(d) = 6*d - 15. Let n(s) = 3*i(s) + 5*q(s). Calculate n(-10).
12
Let g(m) be the third derivative of m**5/60 - 2*m**4/3 - 4*m**3/3 - 862*m**2 + 2*m. Give g(15).
-23
Let w = -6 + 12. Let y(b) be the third derivative of -1/24*b**4 + 0 + 1/2*b**3 - 10*b**2 + 3*b. Determine y(w).
-3
Let w(h) = 5*h - 4*h - 4 + 4. Let m(l) = -67*l + 338. Let p(v) = 45*v - 225. Let d(j) = 5*m(j) + 7*p(j). Let k be d(6). What is w(k)?
-5
Let n(v) = -179*v**2 + 13*v - 17. Let f(z) = -159*z**2 + 12*z - 17. Let u(c) = -9*f(c) + 8*n(c). Calculate u